{"id":241,"date":"2018-07-04T19:02:49","date_gmt":"2018-07-04T17:02:49","guid":{"rendered":"http:\/\/taeleshof.de\/TH\/?page_id=241"},"modified":"2020-02-04T17:11:50","modified_gmt":"2020-02-04T16:11:50","slug":"aktuelles","status":"publish","type":"page","link":"https:\/\/taeleshof.de\/TH\/aktuelles\/","title":{"rendered":"Aktuelles"},"content":{"rendered":"<section class=\"l-section wpb_row height_small\"><div class=\"l-section-h i-cf\"><div class=\"g-cols vc_row via_flex valign_top type_default stacking_default\"><div class=\"vc_col-sm-12 wpb_column vc_column_container\"><div class=\"vc_column-inner\"><div class=\"wpb_wrapper\"><div class=\"wpb_text_column\"><div class=\"wpb_wrapper\"><h1 style=\"text-align: center;\">Aktuelles<\/h1>\n<\/div><\/div><\/div><\/div><\/div><\/div><\/div><\/section><section class=\"l-section wpb_row us_custom_650070cb has_text_color height_small\"><div class=\"l-section-h i-cf\"><div class=\"g-cols vc_row via_flex valign_top type_default stacking_default\"><div class=\"vc_col-sm-12 wpb_column vc_column_container\"><div class=\"vc_column-inner\"><div class=\"wpb_wrapper\"><div class=\"w-grid us_grid raster type_grid layout_523 cols_1 preload_style_spinner\" id=\"us_grid_1\" style=\"--columns:1;--gap:2rem;\" data-filterable=\"true\"><style>.layout_523 .w-grid-item-h{}.layout_523 .usg_post_image_1{margin-bottom:1rem!important}.layout_523 .usg_post_title_1{margin-bottom:0.5rem!important;font-size:2rem!important}.layout_523 .usg_post_date_1{font-size:1,6rem!important}.layout_523 .usg_hwrapper_1{color:#ffffff!important}.layout_523 .usg_post_content_1{margin-top:0.5rem!important;font-size:1,6rem!important;line-height:1,8rem!important}<\/style><div class=\"w-grid-list\">\t<article class=\"w-grid-item size_1x1 post-772 post type-post status-publish format-standard hentry category-allgemein\" data-id=\"772\">\r\n\t\t<div class=\"w-grid-item-h\">\r\n\t\t\t\t\t\t<h1 class=\"w-post-elm post_title usg_post_title_1 entry-title color_link_inherit\">Flohmarkt !<\/h1><div class=\"w-hwrapper usg_hwrapper_1 has_text_color align_left valign_top wrap\"><time class=\"w-post-elm post_date usg_post_date_1 entry-date published\" datetime=\"2026-03-14T11:05:55+01:00\"><i class=\"far fa-clock\"><\/i>14. M\u00e4rz 2026<\/time><\/div><div class=\"w-post-elm post_content usg_post_content_1\">\n<figure class=\"wp-block-image size-large is-resized\"><img loading=\"lazy\" decoding=\"async\" width=\"712\" height=\"1024\" src=\"https:\/\/taeleshof.de\/wp-content\/uploads\/2026\/03\/WhatsApp-Image-2026-02-20-at-07.58.33-712x1024.jpeg\" alt=\"\" class=\"wp-image-773\" style=\"width:497px;height:auto\" srcset=\"https:\/\/taeleshof.de\/wp-content\/uploads\/2026\/03\/WhatsApp-Image-2026-02-20-at-07.58.33-712x1024.jpeg 712w, https:\/\/taeleshof.de\/wp-content\/uploads\/2026\/03\/WhatsApp-Image-2026-02-20-at-07.58.33-209x300.jpeg 209w, https:\/\/taeleshof.de\/wp-content\/uploads\/2026\/03\/WhatsApp-Image-2026-02-20-at-07.58.33.jpeg 1051w\" sizes=\"auto, (max-width: 712px) 100vw, 712px\" \/><\/figure>\n<\/div>\t\t<\/div>\r\n\t\t\t<\/article>\r\n\t<article class=\"w-grid-item size_1x1 post-761 post type-post status-publish format-standard hentry category-allgemein\" data-id=\"761\">\r\n\t\t<div class=\"w-grid-item-h\">\r\n\t\t\t\t\t\t<h1 class=\"w-post-elm post_title usg_post_title_1 entry-title color_link_inherit\">Laufstall<\/h1><div class=\"w-hwrapper usg_hwrapper_1 has_text_color align_left valign_top wrap\"><time class=\"w-post-elm post_date usg_post_date_1 entry-date published\" datetime=\"2025-08-30T17:36:26+02:00\"><i class=\"far fa-clock\"><\/i>30. August 2025<\/time><\/div><div class=\"w-post-elm post_content usg_post_content_1\">\n<p>Wir werden 3 weitere Pferde aufnehmen. Hier suchen wir 3 Senioren. Zu diesem Zweck werden wir bis Mitte Oktober einige Paddockboxen aufl\u00f6sen um so Platz f\u00fcr gen\u00fcgend Bewegung zu schaffen. <\/p>\n<\/div>\t\t<\/div>\r\n\t\t\t<\/article>\r\n\t<article class=\"w-grid-item size_1x1 post-756 post type-post status-publish format-standard hentry category-allgemein\" data-id=\"756\">\r\n\t\t<div class=\"w-grid-item-h\">\r\n\t\t\t\t\t\t<h1 class=\"w-post-elm post_title usg_post_title_1 entry-title color_link_inherit\">Alles zur\u00fcck auf Null<\/h1><div class=\"w-hwrapper usg_hwrapper_1 has_text_color align_left valign_top wrap\"><time class=\"w-post-elm post_date usg_post_date_1 entry-date published\" datetime=\"2025-08-20T14:00:17+02:00\"><i class=\"far fa-clock\"><\/i>20. August 2025<\/time><\/div><div class=\"w-post-elm post_content usg_post_content_1\">\n<p>Der T\u00e4leshof nimmt wieder Pferde auf. Viele wissen wahrscheinlich, da\u00df unser Hof zum Verkauf steht. Dies hat viele Gr\u00fcnde. Trotzdem gehen wir heute davon aus, da\u00df die Pferdepension erhalten bleibt. Daher haben wir uns entschlossen zumindest einige Pferde wieder aufzunehmen. Zun\u00e4chst werden wir ab September 4 kleinere Pferde (Stockmass bis max 160 cm ) einstellen.   <\/p>\n<\/div>\t\t<\/div>\r\n\t\t\t<\/article>\r\n<\/div>\t<div class=\"w-grid-preloader\">\r\n\t\t<div class=\"g-preloader type_1\">\r\n\t\t\t<div><\/div>\r\n\t\t<\/div>\r\n\t<\/div>\r\n\t\t<div class=\"w-grid-json hidden\" onclick='return {&quot;action&quot;:&quot;us_ajax_grid&quot;,&quot;infinite_scroll&quot;:0,&quot;max_num_pages&quot;:1,&quot;pagination&quot;:&quot;none&quot;,&quot;template_vars&quot;:{&quot;columns&quot;:&quot;1&quot;,&quot;exclude_items&quot;:&quot;none&quot;,&quot;img_size&quot;:&quot;medium&quot;,&quot;ignore_items_size&quot;:0,&quot;items_layout&quot;:&quot;523&quot;,&quot;items_offset&quot;:&quot;1&quot;,&quot;load_animation&quot;:&quot;none&quot;,&quot;overriding_link&quot;:&quot;{\\&quot;url\\&quot;:\\&quot;\\&quot;}&quot;,&quot;post_id&quot;:0,&quot;query_args&quot;:{&quot;post_type&quot;:[&quot;post&quot;],&quot;post_status&quot;:[&quot;publish&quot;],&quot;posts_per_page&quot;:&quot;25&quot;},&quot;orderby_query_args&quot;:{&quot;orderby&quot;:{&quot;date&quot;:&quot;DESC&quot;}},&quot;type&quot;:&quot;grid&quot;,&quot;us_grid_post_type&quot;:&quot;post&quot;,&quot;us_grid_ajax_index&quot;:1,&quot;us_grid_filter_query_string&quot;:null,&quot;us_grid_index&quot;:1,&quot;page_args&quot;:[]}}'><\/div>\r\n\t<\/div><\/div><\/div><\/div><\/div><\/div><\/section>\n","protected":false},"excerpt":{"rendered":"Der T\u00e4leshof nimmt wieder Pferde auf. Viele wissen wahrscheinlich, da\u00df unser Hof zum Verkauf steht. Dies hat viele Gr\u00fcnde. Trotzdem gehen wir heute davon aus, da\u00df die Pferdepension erhalten bleibt. Daher haben wir uns entschlossen zumindest einige Pferde wieder aufzunehmen. Zun\u00e4chst werden wir ab September 4 kleinere Pferde (Stockmass bis max 160 cm ) einstellen.","protected":false},"author":1,"featured_media":0,"parent":0,"menu_order":0,"comment_status":"closed","ping_status":"closed","template":"","meta":{"footnotes":""},"class_list":["post-241","page","type-page","status-publish","hentry"],"_links":{"self":[{"href":"https:\/\/taeleshof.de\/TH\/wp-json\/wp\/v2\/pages\/241","targetHints":{"allow":["GET"]}}],"collection":[{"href":"https:\/\/taeleshof.de\/TH\/wp-json\/wp\/v2\/pages"}],"about":[{"href":"https:\/\/taeleshof.de\/TH\/wp-json\/wp\/v2\/types\/page"}],"author":[{"embeddable":true,"href":"https:\/\/taeleshof.de\/TH\/wp-json\/wp\/v2\/users\/1"}],"replies":[{"embeddable":true,"href":"https:\/\/taeleshof.de\/TH\/wp-json\/wp\/v2\/comments?post=241"}],"version-history":[{"count":17,"href":"https:\/\/taeleshof.de\/TH\/wp-json\/wp\/v2\/pages\/241\/revisions"}],"predecessor-version":[{"id":617,"href":"https:\/\/taeleshof.de\/TH\/wp-json\/wp\/v2\/pages\/241\/revisions\/617"}],"wp:attachment":[{"href":"https:\/\/taeleshof.de\/TH\/wp-json\/wp\/v2\/media?parent=241"}],"curies":[{"name":"wp","href":"https:\/\/api.w.org\/{rel}","templated":true}]}}

<section class="l-section wpb_row height_small"><div class="l-section-h i-cf"><div class="g-cols vc_row via_flex valign_top type_default stacking_default"><div class="vc_col-sm-12 wpb_column vc_column_container"><div class="vc_column-inner"><div class="wpb_wrapper"><div class="wpb_text_column"><div class="wpb_wrapper"><h1 style="text-align: center;">Aktuelles</h1>
</div></div></div></div></div></div></div></section><section class="l-section wpb_row us_custom_650070cb has_text_color height_small"><div class="l-section-h i-cf"><div class="g-cols vc_row via_flex valign_top type_default stacking_default"><div class="vc_col-sm-12 wpb_column vc_column_container"><div class="vc_column-inner"><div class="wpb_wrapper"><div class="w-grid us_grid raster type_grid layout_523 cols_1 preload_style_spinner" id="us_grid_1" style="--columns:1;--gap:2rem;" data-filterable="true"><style>.layout_523 .w-grid-item-h{}.layout_523 .usg_post_image_1{margin-bottom:1rem!important}.layout_523 .usg_post_title_1{margin-bottom:0.5rem!important;font-size:2rem!important}.layout_523 .usg_post_date_1{font-size:1,6rem!important}.layout_523 .usg_hwrapper_1{color:#ffffff!important}.layout_523 .usg_post_content_1{margin-top:0.5rem!important;font-size:1,6rem!important;line-height:1,8rem!important}</style><div class="w-grid-list">	<article class="w-grid-item size_1x1 post-772 post type-post status-publish format-standard hentry category-allgemein" data-id="772">
		<div class="w-grid-item-h">
						<h1 class="w-post-elm post_title usg_post_title_1 entry-title color_link_inherit">Flohmarkt !</h1><div class="w-hwrapper usg_hwrapper_1 has_text_color align_left valign_top wrap"><time class="w-post-elm post_date usg_post_date_1 entry-date published" datetime="2026-03-14T11:05:55+01:00"><i class="far fa-clock"></i>14. März 2026</time></div><div class="w-post-elm post_content usg_post_content_1">
<figure class="wp-block-image size-large is-resized"><img loading="lazy" decoding="async" width="712" height="1024" src="https://taeleshof.de/wp-content/uploads/2026/03/WhatsApp-Image-2026-02-20-at-07.58.33-712x1024.jpeg" alt="" class="wp-image-773" style="width:497px;height:auto" srcset="https://taeleshof.de/wp-content/uploads/2026/03/WhatsApp-Image-2026-02-20-at-07.58.33-712x1024.jpeg 712w, https://taeleshof.de/wp-content/uploads/2026/03/WhatsApp-Image-2026-02-20-at-07.58.33-209x300.jpeg 209w, https://taeleshof.de/wp-content/uploads/2026/03/WhatsApp-Image-2026-02-20-at-07.58.33.jpeg 1051w" sizes="auto, (max-width: 712px) 100vw, 712px" /></figure>
</div>		</div>
			</article>
	<article class="w-grid-item size_1x1 post-761 post type-post status-publish format-standard hentry category-allgemein" data-id="761">
		<div class="w-grid-item-h">
						<h1 class="w-post-elm post_title usg_post_title_1 entry-title color_link_inherit">Laufstall</h1><div class="w-hwrapper usg_hwrapper_1 has_text_color align_left valign_top wrap"><time class="w-post-elm post_date usg_post_date_1 entry-date published" datetime="2025-08-30T17:36:26+02:00"><i class="far fa-clock"></i>30. August 2025</time></div><div class="w-post-elm post_content usg_post_content_1">
<p>Wir werden 3 weitere Pferde aufnehmen. Hier suchen wir 3 Senioren. Zu diesem Zweck werden wir bis Mitte Oktober einige Paddockboxen auflösen um so Platz für genügend Bewegung zu schaffen. </p>
</div>		</div>
			</article>
	<article class="w-grid-item size_1x1 post-756 post type-post status-publish format-standard hentry category-allgemein" data-id="756">
		<div class="w-grid-item-h">
						<h1 class="w-post-elm post_title usg_post_title_1 entry-title color_link_inherit">Alles zurück auf Null</h1><div class="w-hwrapper usg_hwrapper_1 has_text_color align_left valign_top wrap"><time class="w-post-elm post_date usg_post_date_1 entry-date published" datetime="2025-08-20T14:00:17+02:00"><i class="far fa-clock"></i>20. August 2025</time></div><div class="w-post-elm post_content usg_post_content_1">
<p>Der Täleshof nimmt wieder Pferde auf. Viele wissen wahrscheinlich, daß unser Hof zum Verkauf steht. Dies hat viele Gründe. Trotzdem gehen wir heute davon aus, daß die Pferdepension erhalten bleibt. Daher haben wir uns entschlossen zumindest einige Pferde wieder aufzunehmen. Zunächst werden wir ab September 4 kleinere Pferde (Stockmass bis max 160 cm ) einstellen.   </p>
</div>		</div>
			</article>
</div>	<div class="w-grid-preloader">
		<div class="g-preloader type_1">
			<div></div>
		</div>
	</div>
		<div class="w-grid-json hidden" onclick='return {&quot;action&quot;:&quot;us_ajax_grid&quot;,&quot;infinite_scroll&quot;:0,&quot;max_num_pages&quot;:1,&quot;pagination&quot;:&quot;none&quot;,&quot;template_vars&quot;:{&quot;columns&quot;:&quot;1&quot;,&quot;exclude_items&quot;:&quot;none&quot;,&quot;img_size&quot;:&quot;medium&quot;,&quot;ignore_items_size&quot;:0,&quot;items_layout&quot;:&quot;523&quot;,&quot;items_offset&quot;:&quot;1&quot;,&quot;load_animation&quot;:&quot;none&quot;,&quot;overriding_link&quot;:&quot;{\&quot;url\&quot;:\&quot;\&quot;}&quot;,&quot;post_id&quot;:0,&quot;query_args&quot;:{&quot;post_type&quot;:[&quot;post&quot;],&quot;post_status&quot;:[&quot;publish&quot;],&quot;posts_per_page&quot;:&quot;25&quot;},&quot;orderby_query_args&quot;:{&quot;orderby&quot;:{&quot;date&quot;:&quot;DESC&quot;}},&quot;type&quot;:&quot;grid&quot;,&quot;us_grid_post_type&quot;:&quot;post&quot;,&quot;us_grid_ajax_index&quot;:1,&quot;us_grid_filter_query_string&quot;:null,&quot;us_grid_index&quot;:1,&quot;page_args&quot;:[]}}'></div>
	</div></div></div></div></div></div></section>

Der Täleshof nimmt wieder Pferde auf. Viele wissen wahrscheinlich, daß unser Hof zum Verkauf steht. Dies hat viele Gründe. Trotzdem gehen wir heute davon aus, daß die Pferdepension erhalten bleibt. Daher haben wir uns entschlossen zumindest einige Pferde wieder aufzunehmen. Zunächst werden wir ab September 4 kleinere Pferde (Stockmass bis max 160 cm ) einstellen.
